{"id":243,"date":"2012-06-28T14:47:25","date_gmt":"2012-06-28T14:47:25","guid":{"rendered":"http:\/\/www.dei-danner.de\/?page_id=243"},"modified":"2024-11-06T15:39:16","modified_gmt":"2024-11-06T15:39:16","slug":"kompanievorstand","status":"publish","type":"page","link":"https:\/\/www.dei-danner.de\/?page_id=243","title":{"rendered":"Vorstand"},"content":{"rendered":"\n<figure class=\"wp-block-image size-large\"><a href=\"https:\/\/www.dei-danner.de\/wp-content\/uploads\/2024\/11\/IMG_5934-scaled.jpg\"><img loading=\"lazy\" decoding=\"async\" width=\"1024\" height=\"684\" src=\"https:\/\/www.dei-danner.de\/wp-content\/uploads\/2024\/11\/IMG_5934-1024x684.jpg\" alt=\"\" class=\"wp-image-5465\" srcset=\"https:\/\/www.dei-danner.de\/wp-content\/uploads\/2024\/11\/IMG_5934-1024x684.jpg 1024w, https:\/\/www.dei-danner.de\/wp-content\/uploads\/2024\/11\/IMG_5934-300x200.jpg 300w, https:\/\/www.dei-danner.de\/wp-content\/uploads\/2024\/11\/IMG_5934-768x513.jpg 768w, https:\/\/www.dei-danner.de\/wp-content\/uploads\/2024\/11\/IMG_5934-1536x1027.jpg 1536w, https:\/\/www.dei-danner.de\/wp-content\/uploads\/2024\/11\/IMG_5934-2048x1369.jpg 2048w, https:\/\/www.dei-danner.de\/wp-content\/uploads\/2024\/11\/IMG_5934-809x541.jpg 809w\" sizes=\"auto, (max-width: 1024px) 100vw, 1024px\" \/><\/a><figcaption class=\"wp-element-caption\">Die neu gew\u00e4hlte Vorstand, v.l.: Feldwebel, Schie\u00dfwart, Hauptmann, Schriftf\u00fchrer und Chronist (Kassierer nicht anwesend).<\/figcaption><\/figure>\n\n\n\n<p><strong>Kompanief\u00fchrung ab 2024:<\/strong><br>Wolfgang Thole, Hauptmann<br>Christoph Lamping, Feldwebel<br>Thomas Lamping, Schriftf\u00fchrer<br>Sebastian Landwehr, Kassierer<br>Philipp Hackmann, Schie\u00dfwart<br>Felix Thierbach, Chronist<\/p>\n","protected":false},"excerpt":{"rendered":"<p>Kompanief\u00fchrung ab 2024:Wolfgang Thole, HauptmannChristoph Lamping, FeldwebelThomas Lamping, Schriftf\u00fchrerSebastian Landwehr, KassiererPhilipp Hackmann, Schie\u00dfwartFelix Thierbach, Chronist<\/p>\n","protected":false},"author":1,"featured_media":0,"parent":19,"menu_order":0,"comment_status":"closed","ping_status":"closed","template":"","meta":{"footnotes":""},"class_list":["post-243","page","type-page","status-publish","hentry"],"_links":{"self":[{"href":"https:\/\/www.dei-danner.de\/index.php?rest_route=\/wp\/v2\/pages\/243","targetHints":{"allow":["GET"]}}],"collection":[{"href":"https:\/\/www.dei-danner.de\/index.php?rest_route=\/wp\/v2\/pages"}],"about":[{"href":"https:\/\/www.dei-danner.de\/index.php?rest_route=\/wp\/v2\/types\/page"}],"author":[{"embeddable":true,"href":"https:\/\/www.dei-danner.de\/index.php?rest_route=\/wp\/v2\/users\/1"}],"replies":[{"embeddable":true,"href":"https:\/\/www.dei-danner.de\/index.php?rest_route=%2Fwp%2Fv2%2Fcomments&post=243"}],"version-history":[{"count":17,"href":"https:\/\/www.dei-danner.de\/index.php?rest_route=\/wp\/v2\/pages\/243\/revisions"}],"predecessor-version":[{"id":5466,"href":"https:\/\/www.dei-danner.de\/index.php?rest_route=\/wp\/v2\/pages\/243\/revisions\/5466"}],"up":[{"embeddable":true,"href":"https:\/\/www.dei-danner.de\/index.php?rest_route=\/wp\/v2\/pages\/19"}],"wp:attachment":[{"href":"https:\/\/www.dei-danner.de\/index.php?rest_route=%2Fwp%2Fv2%2Fmedia&parent=243"}],"curies":[{"name":"wp","href":"https:\/\/api.w.org\/{rel}","templated":true}]}}