{"id":246,"date":"2012-06-28T14:51:40","date_gmt":"2012-06-28T14:51:40","guid":{"rendered":"http:\/\/www.dei-danner.de\/?page_id=246"},"modified":"2024-07-08T08:58:54","modified_gmt":"2024-07-08T08:58:54","slug":"kontakt","status":"publish","type":"page","link":"https:\/\/www.dei-danner.de\/?page_id=246","title":{"rendered":"Kontakt"},"content":{"rendered":"<figure id=\"attachment_2026\" aria-describedby=\"caption-attachment-2026\" style=\"width: 588px\" class=\"wp-caption alignnone\"><a href=\"https:\/\/www.dei-danner.de\/?attachment_id=2026\" rel=\"attachment wp-att-2026\"><img loading=\"lazy\" decoding=\"async\" class=\"wp-image-2026 size-full\" src=\"https:\/\/www.dei-danner.de\/wp-content\/uploads\/2012\/06\/umzug.png\" alt=\"umzug\" width=\"588\" height=\"482\" srcset=\"https:\/\/www.dei-danner.de\/wp-content\/uploads\/2012\/06\/umzug.png 588w, https:\/\/www.dei-danner.de\/wp-content\/uploads\/2012\/06\/umzug-300x246.png 300w\" sizes=\"auto, (max-width: 588px) 100vw, 588px\" \/><\/a><figcaption id=\"caption-attachment-2026\" class=\"wp-caption-text\">Sch\u00fctzenfestsonntag 1958: im Jahr nach der Gr\u00fcndung f\u00fchrt Hauptmann Hans Diekmann die Kompanie zum Sch\u00fctzenplatz.<\/figcaption><\/figure>\n<h4>Interessierte Jungsch\u00fctzen sind herzlich zu unseren Versammlungen eingeladen. Fragen zur Mitgliedschaft in der Kompanie und zum Sch\u00fctzenverein beantworten unser Hauptmann Matthias Thierbach oder Feldwebel Christoph Lamping\u00a0gern.<\/h4>\n<hr \/>\n<p>Verantwortlich f\u00fcr diese Homepage: Stefan Aumann, Sperlingstra\u00dfe 2, 49393 Lohne, mail@stefanaumann.com<\/p>\n<hr \/>\n<p><span style=\"font-size: 0.75em;\">Urheberrechtshinweis: Alle Inhalte dieses Internetangebotes, insbesondere Texte, Fotografien und Grafiken, sind urheberrechtlich gesch\u00fctzt. Das Urheberrecht liegt, soweit nicht ausdr\u00fccklich anders gekennzeichnet, bei Stefan Aumann. Bitte fragen Sie, falls Sie die Inhalte dieses Internetangebotes verwenden m\u00f6chten. Wer gegen das Urheberrecht verst\u00f6\u00dft (z.B. die Inhalte unerlaubt auf die eigene Homepage kopiert), macht sich gem. \u00a7 106 ff Urhebergesetz (UrhG) strafbar. Er wird zudem kostenpflichtig abgemahnt und muss Schadensersatz leisten. Kopien von Inhalten k\u00f6nnen im Internet ohne gro\u00dfen Aufwand verfolgt werden.<\/span><\/p>\n","protected":false},"excerpt":{"rendered":"<p>Interessierte Jungsch\u00fctzen sind herzlich zu unseren Versammlungen eingeladen. Fragen zur Mitgliedschaft in der Kompanie und zum Sch\u00fctzenverein beantworten unser Hauptmann Matthias Thierbach oder Feldwebel Christoph Lamping\u00a0gern. Verantwortlich f\u00fcr diese Homepage: Stefan Aumann, Sperlingstra\u00dfe 2, 49393 Lohne, mail@stefanaumann.com Urheberrechtshinweis: Alle Inhalte dieses Internetangebotes, insbesondere Texte, Fotografien und Grafiken, sind urheberrechtlich gesch\u00fctzt. Das Urheberrecht liegt, soweit nicht&hellip;<\/p>\n","protected":false},"author":1,"featured_media":0,"parent":0,"menu_order":10,"comment_status":"closed","ping_status":"closed","template":"","meta":{"footnotes":""},"class_list":["post-246","page","type-page","status-publish","hentry"],"_links":{"self":[{"href":"https:\/\/www.dei-danner.de\/index.php?rest_route=\/wp\/v2\/pages\/246","targetHints":{"allow":["GET"]}}],"collection":[{"href":"https:\/\/www.dei-danner.de\/index.php?rest_route=\/wp\/v2\/pages"}],"about":[{"href":"https:\/\/www.dei-danner.de\/index.php?rest_route=\/wp\/v2\/types\/page"}],"author":[{"embeddable":true,"href":"https:\/\/www.dei-danner.de\/index.php?rest_route=\/wp\/v2\/users\/1"}],"replies":[{"embeddable":true,"href":"https:\/\/www.dei-danner.de\/index.php?rest_route=%2Fwp%2Fv2%2Fcomments&post=246"}],"version-history":[{"count":24,"href":"https:\/\/www.dei-danner.de\/index.php?rest_route=\/wp\/v2\/pages\/246\/revisions"}],"predecessor-version":[{"id":5049,"href":"https:\/\/www.dei-danner.de\/index.php?rest_route=\/wp\/v2\/pages\/246\/revisions\/5049"}],"wp:attachment":[{"href":"https:\/\/www.dei-danner.de\/index.php?rest_route=%2Fwp%2Fv2%2Fmedia&parent=246"}],"curies":[{"name":"wp","href":"https:\/\/api.w.org\/{rel}","templated":true}]}}